rt 1790210 (base 13) to base 8.
35236274
What is d77b (base 15) in base 3?
2022111122
-100100101101100000111 (base 2) to base 11
-751882
What is -2136007 (base 8) in base 16?
-8bc07
Convert -10745574 (base 8) to base 3.
-11102011220102
Convert -21210122212 (base 3) to base 10.
-153572
-110010222102221 (base 3) to base 9
-13128387
What is -350510 (base 6) in base 5?
-1424434
Convert 2110000212100 (base 3) to base 15.
1aa173
6ae8c (base 15) to base 5
41401112
Convert -26651343 (base 7) to base 8.
-11321054
1734516 (base 8) to base 15
9eeb0
Convert 5054434 (base 6) to base 4.
322302112
What is -278ba (base 14) in base 6?
-2032352
Convert -26aab3a (base 12) to base 11.
-4383598
-346325 (base 10) to base 13
-c1835
Convert -21000203 (base 4) to base 12.
-1942b
Convert 138100 (base 9) to base 11.
58660
What is 1243201143 (base 5) in base 4?
23310320031
Convert 15002577 (base 10) to base 16.
e4ebd1
Convert -a47357 (base 12) to base 7.
-30651055
What is -19548 (base 15) in base 10?
-82193
Convert 32305505 (base 9) to base 8.
73367037
1535367 (base 8) to base 15
8aa54
What is 2220265 (base 7) in base 5?
32230414
1ac622 (base 13) to base 7
5550033
What is -3d06dd (base 16) in base 8?
-17203335
What is -4720d (base 15) in base 12?
-ab164
Convert -24c5c7 (base 16) to base 2.
-1001001100010111000111
111010100110010111 (base 2) to base 5
30140043
What is -36d6d4 (base 15) in base 12?
-a68517
What is 91160 (base 10) in base 14?
25316
Convert -10732 (base 11) to base 6.
-155511
Convert 435027 (base 11) to base 8.
2515033
Convert 30ac5 (base 13) to base 5.
10300114
Convert 1350a (base 14) to base 2.
1011101000010110
What is 8348 (base 9) in base 11?
4663
What is -9b582 (base 12) in base 6?
-4231442
-217483 (base 9) to base 13
-47325
Convert 221300213 (base 5) to base 4.
3222333332
Convert 2454433 (base 8) to base 3.
1021110021110
-5a8110 (base 11) to base 8
-3527615
20062660 (base 7) to base 13
462949
What is -201022100202201 (base 3) in base 8?
-47112713
Convert 5884d (base 14) to base 5.
23400134
13103323202 (base 4) to base 10
1916642
Convert -371a00 (base 11) to base 5.
-122310211
What is 20333233 (base 5) in base 7?
1266426
Convert a04617 (base 11) to base 2.
110001010101011000010
-5caaa (base 13) to base 10
-170999
What is -30bc11 (base 13) in base 11?
-709624
Convert 152433313 (base 6) to base 11.
18a1546
What is -25a98a0 (base 11) in base 5?
-2123222334
What is -aa787 (base 13) in base 15?
-617b9
What is 5614223 (base 7) in base 10?
692975
Convert 2212022 (base 3) to base 16.
827
-12ca2 (base 15) to base 9
-101548
Convert -156302133 (base 7) to base 8.
-50454346
What is 245450 (base 7) in base 8?
130154
7345611 (base 8) to base 14
38b86d
Convert -156256541 (base 7) to base 9.
-22011308
What is -107d5 (base 14) in base 16?
-9c27
What is -accd0 (base 14) in base 3?
-210022121120
Convert -cbc8c (base 15) to base 11.
-402498
What is -2023032110 (base 4) in base 5?
-121222020
What is 21212201102 (base 3) in base 10?
155072
What is -152024344 (base 6) in base 14?
-5c9716
What is 110002221210 (base 3) in base 5?
30111400
Convert 89b0b2 (base 12) to base 6.
115024342
What is 420600 (base 7) in base 16?
11a84
Convert -26061 (base 10) to base 15.
-7ac6
3321013400 (base 5) to base 3
111120000100011
Convert 11233223331 (base 4) to base 6.
52140233
-231a833 (base 12) to base 6
-400501303
What is -20f33 (base 16) in base 3?
-20212010122
What is -617b1 (base 15) in base 9?
-520614
1646d (base 15) to base 4
101203012
Convert 2240112 (base 6) to base 8.
336654
Convert -30124452 (base 6) to base 9.
-1536575
What is 1601441 (base 7) in base 16?
357b3
Convert -63532532 (base 7) to base 9.
-11118665
1110111010101111 (base 2) to base 9
102732
What is -306623 (base 13) in base 10?
-1128104
Convert -221212240 (base 5) to base 12.
-3a38a8
What is 17e55 (base 16) in base 5?
11113002
44b37 (base 12) to base 16
1655b
Convert -6262413 (base 7) to base 3.
-1102100101210
-20210134 (base 5) to base 10
-163169
-2112200120 (base 3) to base 6
-1023453
What is 14778075 (base 9) in base 11?
4187139
442542215 (base 6) to base 9
16006132
What is 2236421 (base 7) in base 3?
112010212112
What is a201 (base 15) in base 5?
2043301
Convert -3a814 (base 12) to base 16.
-13b10
What is 3031211 (base 5) in base 8?
137443
What is -101112111010222 (base 3) in base 15?
-7591db
Convert -20222013111 (base 4) to base 10.
-2269653
What is -2c7b62 (base 14) in base 10?
-1558090
What is 12694563 (base 10) in base 9?
25787600
11023133112 (base 4) to base 14
274b66
114300324 (base 5) to base 9
1013643
What is 86850 (base 10) in base 6?
1510030
Convert -183293 (base 10) to base 9.
-308378
Convert -10023113322 (base 4) to base 10.
-1095162
What is -189115a (base 11) in base 6?
-152235331
Convert -6ac2 (base 15) to base 16.
-589a
Convert 7018037 (base 9) to base 4.
32033100202
Convert -3114327 (base 9) to base 2.
-110010110000010001101
225365 (base 8) to base 4
102223311
What is -12222100 (base 4) in base 7?
-142351
Convert a13bb (base 12) to base 2.
110011001011111111
113764 (base 8) to base 7
221261
60296 (base 12) to base 3
20100012220
Convert -246010 (base 7) to base 9.
-68104
Convert -271935 (base 11) to base 7.
-3426015
What is -52783 (base 16) in base 10?
-337795
a29a9 (base 15) to base 4
1331301300
Convert 7da32 (base 15) to base 4.
1201302203
-83bc6 (base 13) to base 10
-237100
-dd6d28 (base 14) to base 4
-130221202120
12a458 (base 12) to base 3
120122210212
27cb3a (base 13) to base 4
3231000201
What is -2142550 (base 7) in base 5?
-31401200
Convert -25034134 (base 6) to base 16.
-c2d0a
What is 239aa (base 15) in base 8?
335630
-107bb4 (base 13) to base 4
-1132321012
What is -120043030 (base 5) in base 15?
-acd60
Convert a8461 (base 11) to base 14.
4161b
141030004 (base 6) to base 4
22313301310
Convert -251234 (base 6) to base 14.
-81dc
Convert 102132513 (base 7) to base 6.
333045430
Convert 36451 (base 13) to base 14.
2842b
What is 1301312313 (base 4) in base 11?
299423
Convert 21212011202202 (base 3) to base 4.
33323212100
-10402330 (base 5) to base 13
-32534
What is -9a498 (base 15) in base 3?
-220220201122
Convert -64027 (base 8) to base 16.
-6817
Convert -10200012221 (base 3) to base 13.
-26bcc
Convert 1d53d (base 16) to base 3.
20002210002
Convert 153500 (base 6) to base 3.
202200200
What is 134020461 (base 7) in base 3?
121101120100010
Convert 9548760 (base 10) to base 14.
13a7c24
Convert 110100210012011 (base 3) to base 9.
13323164
What is -5516 (base 14) in base 13?
-6914
890827 (base 12) to base 6
114405251
Convert -1098536 (base 11) to base 13.
-520618
Convert 594796 (base 11) to base 3.
1202220222001
Convert -636602 (base 8) to base 12.
-a2a82
What is 2c7 (base 16) in base 11?
597
Convert 28601 (base 10) to base 13.
10031
What is 1773a71 (base 11) in base 14?
583a34
Convert -22132231202 (base 4) to base 16.
-29eb62
What is 110011110110101 (base 2) in base 12?
13445
1a847 (base 14) to base 4
100132133
Convert 260285 (base 16) to base 6.
125220245
What is -1100101010100010001110 (base 2) in base 13?
-8c318a
Convert -1011121 (base 7) to base 12.
-59861
c3350 (base 14) to base 4
1302231322
Convert 838744 (base 10) to base 11.
523185
What is 2302 (base 8) in base 6?
5350
-19575 (base 12) to base 3
-1212212222
Convert 2612062 (base 10) to base 9.
4821061
-23eb5 (base 15) to base 4
-130000013
272462 (base 8) to base 7
545352
Convert 897c10 (base 13) to base 15.
44165d
Convert 40132 (base 11) to base 9.
88484
-94b0 (base 16) to base 2
-1001010010110000
Convert -98273 (base 15) to base 14.
-c8131
Convert 208842 (base 10) to base 6.
4250510
28cc9 (base 13) to base 10
76891
Convert -aa8a1 (base 15) to base 8.
-2042377
Convert -20885 (base 10) to base 9.
-31575
Convert 2222631 (base 7) to base 12.
112b90
-1110202111 (base 3) to base 14
-a7c4
Convert -da3a5 (base 15) to base 10.
-692705
What is -182546 (base 11) in base 4?
-1010232120
Convert 111100010100101001 (base 2) to base 12.
baba1
What is b4c75 (base 13) in base 7?
2522523
-660454 (base 7) to base 15
-2433d
What is -22223400 (base 5) in base 9?
-327124
What is -1013310222 (base 4) in base 11?
-191032
Convert 100011111022 (base 3) to base 4.
230003012
What is 36a6a (base 11) in base 8?
147713
-315573 (base 9) to base 5
-22002244
What is -16d71 (